 the tens digit of 5188356263?
6
What is the hundreds digit of 583828824?
8
What is the millions digit of 565436108?
5
What is the hundreds digit of 515047368?
3
What is the hundreds digit of 9769396?
3
What is the ten thousands digit of 4289505297?
0
What is the thousands digit of 120249509?
9
What is the hundred thousands digit of 584937015?
9
What is the thousands digit of 13054285?
4
What is the hundreds digit of 133629734?
7
What is the hundred millions digit of 236113605?
2
What is the ten millions digit of 68294049?
6
What is the thousands digit of 81454569?
4
What is the tens digit of 169753359?
5
What is the hundreds digit of 94654248?
2
What is the hundred thousands digit of 705814160?
8
What is the ten thousands digit of 203057994?
5
What is the tens digit of 53851610?
1
What is the ten millions digit of 101325694?
0
What is the units digit of 188323542?
2
What is the tens digit of 1104275884?
8
What is the ten millions digit of 492753278?
9
What is the hundred thousands digit of 101217253?
2
What is the thousands digit of 9694492?
4
What is the ten millions digit of 4138887024?
3
What is the hundred thousands digit of 220368326?
3
What is the millions digit of 127741403?
7
What is the units digit of 497429813?
3
What is the hundred thousands digit of 26887157?
8
What is the ten thousands digit of 95585088?
8
What is the units digit of 19989580?
0
What is the thousands digit of 268067810?
7
What is the hundred millions digit of 772900173?
7
What is the millions digit of 3958824228?
8
What is the tens digit of 9206727028?
2
What is the millions digit of 89050770?
9
What is the thousands digit of 3934866676?
6
What is the tens digit of 341544373?
7
What is the thousands digit of 96783850?
3
What is the hundreds digit of 911270474?
4
What is the hundreds digit of 1594828358?
3
What is the units digit of 80655240?
0
What is the millions digit of 4861005205?
1
What is the tens digit of 2365783196?
9
What is the ten thousands digit of 5920483486?
8
What is the hundred thousands digit of 173713199?
7
What is the tens digit of 700477609?
0
What is the thousands digit of 2743327977?
7
What is the hundred thousands digit of 1384977742?
9
What is the units digit of 30717158?
8
What is the units digit of 48733580?
0
What is the hundred thousands digit of 72144427?
1
What is the hundred millions digit of 3063682388?
0
What is the hundred thousands digit of 107403741?
4
What is the hundred thousands digit of 146398461?
3
What is the units digit of 1451773957?
7
What is the hundred thousands digit of 4198468?
1
What is the millions digit of 63948522?
3
What is the hundred millions digit of 1094563916?
0
What is the units digit of 27051803?
3
What is the hundred thousands digit of 21985112?
9
What is the ten thousands digit of 146434221?
3
What is the ten millions digit of 693078172?
9
What is the thousands digit of 73215632?
5
What is the units digit of 101669673?
3
What is the tens digit of 1150873372?
7
What is the hundred thousands digit of 76240155?
2
What is the tens digit of 322109707?
0
What is the tens digit of 1848855?
5
What is the millions digit of 69285544?
9
What is the ten millions digit of 24126639?
2
What is the hundreds digit of 851083487?
4
What is the thousands digit of 88775107?
5
What is the hundred thousands digit of 183575965?
5
What is the ten thousands digit of 1713859282?
5
What is the hundreds digit of 131235085?
0
What is the hundred millions digit of 537511567?
5
What is the tens digit of 3403722556?
5
What is the hundreds digit of 18639666?
6
What is the hundred thousands digit of 8068528?
0
What is the hundred millions digit of 1822910043?
8
What is the hundred millions digit of 530390580?
5
What is the hundred millions digit of 140026428?
1
What is the units digit of 1917456?
6
What is the hundred thousands digit of 104245625?
2
What is the hundred millions digit of 631263963?
6
What is the hundreds digit of 460313660?
6
What is the hundred thousands digit of 400065257?
0
What is the tens digit of 161351380?
8
What is the hundreds digit of 72887282?
2
What is the ten thousands digit of 745041592?
4
What is the hundred thousands digit of 2321899028?
8
What is the ten thousands digit of 71065444?
6
What is the ten thousands digit of 389854544?
5
What is the millions digit of 143664791?
3
What is the ten thousands digit of 335603109?
0
What is the hundred millions digit of 550189440?
5
What is the ten millions digit of 1007557981?
0
What is the thousands digit of 2062986931?
6
What is the units digit of 2218910274?
4
What is the ten millions digit of 112777259?
1
What is the hundred millions digit of 113106579?
1
What is the tens digit of 36448523?
2
What is the hundreds digit of 47004488?
4
What is the hundred thousands digit of 102266402?
2
What is the tens digit of 131676508?
0
What is the hundred thousands digit of 3163629930?
6
What is the ten thousands digit of 140414327?
1
What is the millions digit of 84971718?
4
What is the hundreds digit of 165003503?
5
What is the ten millions digit of 4069662434?
6
What is the millions digit of 240264120?
0
What is the tens digit of 71360369?
6
What is the tens digit of 451289562?
6
What is the ten millions digit of 30519694?
3
What is the hundred thousands digit of 33624959?
6
What is the tens digit of 77075813?
1
What is the ten millions digit of 31513584?
3
What is the ten thousands digit of 2600199710?
9
What is the hundreds digit of 4704798524?
5
What is the units digit of 2701797333?
3
What is the millions digit of 89169329?
9
What is the hundreds digit of 68775598?
5
What is the thousands digit of 219598062?
8
What is the hundreds digit of 26790911?
9
What is the ten thousands digit of 41528059?
2
What is the hundred millions digit of 2163899823?
1
What is the thousands digit of 4168407406?
7
What is the millions digit of 208798498?
8
What is the hundreds digit of 4581300464?
4
What is the hundred millions digit of 4168718276?
1
What is the hundred millions digit of 289515366?
2
What is the tens digit of 132054065?
6
What is the thousands digit of 428283?
8
What is the hundred thousands digit of 35257360?
2
What is the billions digit of 1207520487?
1
What is the hundreds digit of 107293693?
6
What is the millions digit of 3084706697?
4
What is the tens digit of 7953622?
2
What is the hundred millions digit of 454974173?
4
What is the units digit of 482042980?
0
What is the ten thousands digit of 600651811?
5
What is the hundred millions digit of 142661042?
1
What is the ten thousands digit of 69017712?
1
What is the thousands digit of 2197324?
7
What is the tens digit of 6688579?
7
What is the millions digit of 29270234?
9
What is the tens digit of 2116074?
7
What is the ten thousands digit of 1248328749?
2
What is the tens digit of 74951290?
9
What is the millions digit of 8278535?
8
What is the tens digit of 39376273?
7
What is the hundred thousands digit of 280183390?
1
What is the ten thousands digit of 98399981?
9
What is the thousands digit of 2092685?
2
What is the hundred millions digit of 262640477?
2
What is the units digit of 286339877?
7
What is the hundred thousands digit of 65259256?
2
What is the ten thousands digit of 263740050?
4
What is the ten millions digit of 10782725?
1
What is the tens digit of 381490084?
8
What is the units digit of 8290904?
4
What is the millions digit of 271728840?
1
What is the hundred thousands digit of 190899392?
8
What is the hundreds digit of 38423230?
2
What is the ten millions digit of 197534113?
9
What is the ten thousands digit of 199866965?
6
What is the millions digit of 951919319?
1
What is the hundred thousands digit of 25371711?
3
What is the tens digit of 275960528?
2
What is the ten thousands digit of 1977193220?
9
What is the tens digit of 13145493?
9
What is the tens digit of 281091858?
5
What is the ten thousands digit of 1381580012?
8
What is the units digit of 3829410961?
1
What is the tens digit of 135892250?
5
What is the tens digit of 3662213881?
8
What is the tens digit of 37042136?
3
What is the billions digit of 4467540851?
4
What is the tens digit of 5555289?
8
What is the billions digit of 1106077711?
1
What is the tens digit of 3741905359?
5
What is the hundreds digit of 3682848263?
2
What 